{"id":81,"date":"2023-03-27T14:40:54","date_gmt":"2023-03-27T12:40:54","guid":{"rendered":"https:\/\/christophorus-weinshop.klixpert.io\/?post_type=product&#038;p=81"},"modified":"2026-04-17T10:32:39","modified_gmt":"2026-04-17T08:32:39","slug":"marcus-rosso-delle-venezie-igt","status":"publish","type":"product","link":"https:\/\/www.christophorus.at\/weinshop\/produkt\/rotwein\/marcus-rosso-delle-venezie-igt\/","title":{"rendered":"Marcus, Rosso delle Venezie, IGT"},"content":{"rendered":"<p><strong>Kellerei Marco Sambin<\/strong><br \/>\nKaum zu glauben, dass sich in Italien ein neues Weinbaugebiet ins Spiel bringt. Die Weinmanufaktur von Marco Sambin hat dazu wohl erheblichen Anteil. In den euganeischen H\u00fcgeln s\u00fcdlich von Abano\/ Montegrotto kultiviert er biologisch \u2013 dynamisch den Vino Marcus aus Cabernet Sauvignon, Merlot, Cabernet Franc und Syrah. Bouquet von kleinen roten Fr\u00fcchten, im Mund seidenweich mit eleganten Tanninen: balsamischen Noten, Lakritze, rote Fr\u00fcchte und ein leicht minerales Finale komplettieren diesen tollen Wein. Leider reicht es gerade einmal aus um nur 6.000 Flaschen abzuf\u00fcllen. Der Jahrgang 2012 gewann k\u00fcrzlich beim Concours Mondial in Br\u00fcssel die Medaille in Gro\u00dfgold. Ein absoluter Geheimtipp zu einem derzeit noch sehr erschwinglichen Preis.<\/p>\n","protected":false},"excerpt":{"rendered":"<p>Kellerei Marco Sambin Kaum zu glauben, dass sich in Italien ein neues Weinbaugebiet ins Spiel bringt. Die Weinmanufaktur von Marco Sambin hat dazu wohl erheblichen Anteil. In den euganeischen H\u00fcgeln s\u00fcdlich von Abano\/ Montegrotto kultiviert er biologisch \u2013 dynamisch den Vino Marcus aus Cabernet Sauvignon, Merlot, Cabernet Franc und Syrah. Bouquet von kleinen roten Fr\u00fcchten, [&hellip;]<\/p>\n","protected":false},"featured_media":105,"template":"","meta":{"_acf_changed":false},"product_brand":[],"product_cat":[34],"product_tag":[],"product_regions":[42],"product_countries":[37],"class_list":{"0":"post-81","1":"product","2":"type-product","3":"status-publish","4":"has-post-thumbnail","6":"product_cat-rotwein","7":"product_regions-venetien","8":"product_countries-italien","10":"first","11":"outofstock","12":"taxable","13":"shipping-taxable","14":"purchasable","15":"product-type-simple"},"acf":[],"_links":{"self":[{"href":"https:\/\/www.christophorus.at\/weinshop\/wp-json\/wp\/v2\/product\/81","targetHints":{"allow":["GET"]}}],"collection":[{"href":"https:\/\/www.christophorus.at\/weinshop\/wp-json\/wp\/v2\/product"}],"about":[{"href":"https:\/\/www.christophorus.at\/weinshop\/wp-json\/wp\/v2\/types\/product"}],"wp:featuredmedia":[{"embeddable":true,"href":"https:\/\/www.christophorus.at\/weinshop\/wp-json\/wp\/v2\/media\/105"}],"wp:attachment":[{"href":"https:\/\/www.christophorus.at\/weinshop\/wp-json\/wp\/v2\/media?parent=81"}],"wp:term":[{"taxonomy":"product_brand","embeddable":true,"href":"https:\/\/www.christophorus.at\/weinshop\/wp-json\/wp\/v2\/product_brand?post=81"},{"taxonomy":"product_cat","embeddable":true,"href":"https:\/\/www.christophorus.at\/weinshop\/wp-json\/wp\/v2\/product_cat?post=81"},{"taxonomy":"product_tag","embeddable":true,"href":"https:\/\/www.christophorus.at\/weinshop\/wp-json\/wp\/v2\/product_tag?post=81"},{"taxonomy":"product_regions","embeddable":true,"href":"https:\/\/www.christophorus.at\/weinshop\/wp-json\/wp\/v2\/product_regions?post=81"},{"taxonomy":"product_countries","embeddable":true,"href":"https:\/\/www.christophorus.at\/weinshop\/wp-json\/wp\/v2\/product_countries?post=81"}],"curies":[{"name":"wp","href":"https:\/\/api.w.org\/{rel}","templated":true}]}}