{"id":83,"date":"2023-03-27T14:53:59","date_gmt":"2023-03-27T12:53:59","guid":{"rendered":"https:\/\/christophorus-weinshop.klixpert.io\/?post_type=product&#038;p=83"},"modified":"2026-04-16T20:47:44","modified_gmt":"2026-04-16T18:47:44","slug":"korem-isola-dei-nuraghi-igt","status":"publish","type":"product","link":"https:\/\/www.christophorus.at\/weinshop\/produkt\/rotwein\/korem-isola-dei-nuraghi-igt\/","title":{"rendered":"Korem, Isola dei Nuraghi, IGT"},"content":{"rendered":"<p><strong>Kellerei Argiolas<\/strong><br \/>\nAuch dies ist ein Rotwein von ganz au\u00dfergew\u00f6hnlicher Qualit\u00e4t. Dieser IGT, so wie sein gro\u00dfer Bruder Turriga, ist auf dem besten Wege, dem Hause Argiolas \u00e4hnlich Ruhm und Ehre zu bereiten.<\/p>\n","protected":false},"excerpt":{"rendered":"<p>Kellerei Argiolas Auch dies ist ein Rotwein von ganz au\u00dfergew\u00f6hnlicher Qualit\u00e4t. Dieser IGT, so wie sein gro\u00dfer Bruder Turriga, ist auf dem besten Wege, dem Hause Argiolas \u00e4hnlich Ruhm und Ehre zu bereiten.<\/p>\n","protected":false},"featured_media":103,"template":"","meta":{"_acf_changed":false},"product_brand":[],"product_cat":[34],"product_tag":[],"product_regions":[35],"product_countries":[37],"class_list":{"0":"post-83","1":"product","2":"type-product","3":"status-publish","4":"has-post-thumbnail","6":"product_cat-rotwein","7":"product_regions-sardinien","8":"product_countries-italien","10":"first","11":"instock","12":"taxable","13":"shipping-taxable","14":"purchasable","15":"product-type-simple"},"acf":[],"_links":{"self":[{"href":"https:\/\/www.christophorus.at\/weinshop\/wp-json\/wp\/v2\/product\/83","targetHints":{"allow":["GET"]}}],"collection":[{"href":"https:\/\/www.christophorus.at\/weinshop\/wp-json\/wp\/v2\/product"}],"about":[{"href":"https:\/\/www.christophorus.at\/weinshop\/wp-json\/wp\/v2\/types\/product"}],"wp:featuredmedia":[{"embeddable":true,"href":"https:\/\/www.christophorus.at\/weinshop\/wp-json\/wp\/v2\/media\/103"}],"wp:attachment":[{"href":"https:\/\/www.christophorus.at\/weinshop\/wp-json\/wp\/v2\/media?parent=83"}],"wp:term":[{"taxonomy":"product_brand","embeddable":true,"href":"https:\/\/www.christophorus.at\/weinshop\/wp-json\/wp\/v2\/product_brand?post=83"},{"taxonomy":"product_cat","embeddable":true,"href":"https:\/\/www.christophorus.at\/weinshop\/wp-json\/wp\/v2\/product_cat?post=83"},{"taxonomy":"product_tag","embeddable":true,"href":"https:\/\/www.christophorus.at\/weinshop\/wp-json\/wp\/v2\/product_tag?post=83"},{"taxonomy":"product_regions","embeddable":true,"href":"https:\/\/www.christophorus.at\/weinshop\/wp-json\/wp\/v2\/product_regions?post=83"},{"taxonomy":"product_countries","embeddable":true,"href":"https:\/\/www.christophorus.at\/weinshop\/wp-json\/wp\/v2\/product_countries?post=83"}],"curies":[{"name":"wp","href":"https:\/\/api.w.org\/{rel}","templated":true}]}}