{"id":86,"date":"2023-03-27T15:06:28","date_gmt":"2023-03-27T13:06:28","guid":{"rendered":"https:\/\/christophorus-weinshop.klixpert.io\/?post_type=product&#038;p=86"},"modified":"2026-05-01T12:33:04","modified_gmt":"2026-05-01T10:33:04","slug":"latinia-bianco-dolce-igt","status":"publish","type":"product","link":"https:\/\/www.christophorus.at\/weinshop\/produkt\/rotwein\/latinia-bianco-dolce-igt\/","title":{"rendered":"Latinia, Bianco dolce, IGT"},"content":{"rendered":"<p><strong>Kellerei Santadi<\/strong><br \/>\nDie Nasco-Trauben stammen aus Weinbergen mit Buschbaumbewuchs in der unteren Sulcis-Region (nach antiker Anbaumethode). Die Weinlese erfolgt sp\u00e4t und die Trauben werden erst dann gepfl\u00fcckt, wenn sie genau den richtigen Grad an \u00dcberreife erreicht haben. Der zuckerreiche Most g\u00e4rt ohne Schale in Edelstahlbeh\u00e4ltern. Die alkoholische G\u00e4rung, die aufgrund der Dichte des Mostes nur langsam in Gang kommt, wird dann zu einem ganz bestimmten Zeitpunkt auf nat\u00fcrliche Weise unterbrochen. Der Wein reift dann einige Monate lang in Barriques aus franz\u00f6sischer Eiche in dritter Belegung nach. Dieser Wein besticht durch seine wunderbare Note an Marillen erinnernd.<\/p>\n","protected":false},"excerpt":{"rendered":"<p>Kellerei Santadi Die Nasco-Trauben stammen aus Weinbergen mit Buschbaumbewuchs in der unteren Sulcis-Region (nach antiker Anbaumethode). Die Weinlese erfolgt sp\u00e4t und die Trauben werden erst dann gepfl\u00fcckt, wenn sie genau den richtigen Grad an \u00dcberreife erreicht haben. Der zuckerreiche Most g\u00e4rt ohne Schale in Edelstahlbeh\u00e4ltern. Die alkoholische G\u00e4rung, die aufgrund der Dichte des Mostes nur [&hellip;]<\/p>\n","protected":false},"featured_media":101,"template":"","meta":{"_acf_changed":false},"product_brand":[],"product_cat":[34],"product_tag":[],"product_regions":[35],"product_countries":[37],"class_list":{"0":"post-86","1":"product","2":"type-product","3":"status-publish","4":"has-post-thumbnail","6":"product_cat-rotwein","7":"product_regions-sardinien","8":"product_countries-italien","10":"first","11":"instock","12":"taxable","13":"shipping-taxable","14":"purchasable","15":"product-type-simple"},"acf":[],"_links":{"self":[{"href":"https:\/\/www.christophorus.at\/weinshop\/wp-json\/wp\/v2\/product\/86","targetHints":{"allow":["GET"]}}],"collection":[{"href":"https:\/\/www.christophorus.at\/weinshop\/wp-json\/wp\/v2\/product"}],"about":[{"href":"https:\/\/www.christophorus.at\/weinshop\/wp-json\/wp\/v2\/types\/product"}],"wp:featuredmedia":[{"embeddable":true,"href":"https:\/\/www.christophorus.at\/weinshop\/wp-json\/wp\/v2\/media\/101"}],"wp:attachment":[{"href":"https:\/\/www.christophorus.at\/weinshop\/wp-json\/wp\/v2\/media?parent=86"}],"wp:term":[{"taxonomy":"product_brand","embeddable":true,"href":"https:\/\/www.christophorus.at\/weinshop\/wp-json\/wp\/v2\/product_brand?post=86"},{"taxonomy":"product_cat","embeddable":true,"href":"https:\/\/www.christophorus.at\/weinshop\/wp-json\/wp\/v2\/product_cat?post=86"},{"taxonomy":"product_tag","embeddable":true,"href":"https:\/\/www.christophorus.at\/weinshop\/wp-json\/wp\/v2\/product_tag?post=86"},{"taxonomy":"product_regions","embeddable":true,"href":"https:\/\/www.christophorus.at\/weinshop\/wp-json\/wp\/v2\/product_regions?post=86"},{"taxonomy":"product_countries","embeddable":true,"href":"https:\/\/www.christophorus.at\/weinshop\/wp-json\/wp\/v2\/product_countries?post=86"}],"curies":[{"name":"wp","href":"https:\/\/api.w.org\/{rel}","templated":true}]}}